p - 13. What is the remainder when p is divided by 15/21 - (-2)/7?
0
Suppose 0 = -29*b + 59*b - 570. Calculate the remainder when 431 is divided by b.
13
Suppose 0 = 2*a + 8*a - 120. Calculate the remainder when (-2)/(-2) - 3 - -35 is divided by a.
9
Let b = 2418 - 2266. Calculate the remainder when 466 is divided by b.
10
Let t(m) = m**2 - 1 + 4*m + 2 - 3 + 4. Calculate the remainder when 33 is divided by t(-5).
5
Suppose -74 = 2*v - 142. What is the remainder when 135 is divided by v?
33
Let h(x) = x**3 + 4*x**2 - 4*x + 2. Let t be h(-4). Let q = 18 + t. Calculate the remainder when q is divided by 20.
16
Let s = -70 - -72. Suppose s*t - 32 = -2*c, -2*c + t = -7*c + 88. What is the remainder when 40 is divided by c?
4
Calculate the remainder when 172 is divided by (0 + 66)*4/144*12.
18
Let t(x) = 3*x**3 - 2*x + 3. What is the remainder when t(2) is divided by (-27)/(-9)*1/(6/8)?
3
Let v = -4 + 36. What is the remainder when (183/15 - 0)*5 is divided by v?
29
Let f(o) = 2*o - 10. Let p be (-39)/(-9)*-1*(-6)/2. What is the remainder when f(p) is divided by 6?
4
Let r(m) = -40*m + 1. Let i = 71 - 33. Suppose 5*p + s - 113 = -3*s, 0 = 2*p - 2*s - i. What is the remainder when r(-1) is divided by p?
20
Let z(d) = 7*d + 9*d**2 + 1 - 2*d - 4*d**2. What is the remainder when z(-4) is divided by 24?
13
Suppose 3*j - 880 = -41*j. Let g = -16 - -55. Calculate the remainder when g is divided by j.
19
Let u(l) = 5*l + 1. Let i be u(-2). Let g be (-744)/(-32) - (-2)/(-8). Let n = g + i. Calculate the remainder when 26 is divided by n.
12
Suppose -4*w = 0, z = 5*w - 1 + 4. Let a(k) = -4*k**3 - 21*k**2 + 47*k - 8. Calculate the remainder when a(-7) is divided by z.
0
Let y(c) be the second derivative of 5*c**4/12 + c**3/6 - c**2/2 + c. What is the remainder when (-6 + -105)/(-3) + -5 is divided by y(-2)?
15
Let s be 39/(-9) + 3 - 640/(-12). Suppose -93 - s = -5*q. Calculate the remainder when q is divided by 9.
2
Let q = 0 + 6. Suppose -3 = -3*n + q. Suppose -3*b = j - b - 33, -n*j - 5*b = -98. Calculate the remainder when 91 is divided by j.
29
Suppose 5*o + 28 = 83. Suppose 2*w - 1 = -3*h - 6, -2*h - 2 = 2*w. Suppose 17 = -w*d + 125. Calculate the remainder when d is divided by o.
10
Suppose 5*s + 5 = 35. What is the remainder when s is divided by (3/5)/(3/15)?
0
Suppose -4*y + y + 3*v + 24 = 0, -5*y = -2*v - 31. Suppose 3*r + 2*r = -4*a + 26, -2*a + 4 = -2*r. What is the remainder when y is divided by a?
1
Let c(k) = 31*k - 144. Calculate the remainder when c(7) is divided by 13.
8
Let b = 15 + -8. Suppose 124 = 3*j + 49. What is the remainder when j is divided by b?
4
Let v(w) = -7*w + 281. What is the remainder when 124 is divided by v(31)?
60
Calculate the remainder when ((-26)/(-5))/(38816/3880 + -10) is divided by 16.
13
Suppose 158 = 2*y - 0*y. Let p = y - 132. Let l = -35 - p. Calculate the remainder when l is divided by 7.
4
Let k(r) be the first derivative of 7*r**3/3 + 3*r**2/2 + 3*r + 6. What is the remainder when 19 is divided by k(-1)?
5
Let w = -45 - -39. Calculate the remainder when (-105)/w*18/15 is divided by 6.
3
Let v(k) = -69*k + 2378. Calculate the remainder when v(34) is divided by 5*1*(2 + -1).
2
Suppose -2*y = -3*u - 108, 0*u + 216 = 4*y + 2*u. What is the remainder when y is divided by 14 + (4 - (-4 - -8))?
12
Suppose -168 = -g - 2*x, 0*g - 4*g - 4*x = -684. What is the remainder when g is divided by 38?
22
Let g be 36/16 - (-1)/(-4). Suppose -22 - 64 = -g*h. Calculate the remainder when h is divided by 23.
20
Let t(a) = 41*a**3 - a**2 - 2*a - 2. Let u be t(-1). Let z = u + -6. Let k = z + 78. Calculate the remainder when k is divided by 11.
8
Let y be (18/(-12))/(2/8). Let r be y/21 - 2180/(-35). Suppose 38 = 3*s + 6*f - 4*f, 4*s - 3*f - r = 0. Calculate the remainder when 26 is divided by s.
12
Suppose -3*j = -20*j + 14943. What is the remainder when j is divided by 55?
54
Suppose 14*c - 15*c = -108. Suppose -2*z - 2*z = -c. Calculate the remainder when z is divided by 10.
7
Suppose -2*z = -335 + 105. What is the remainder when z is divided by 49?
17
Let m = -468 - -498. Calculate the remainder when 85 is divided by m.
25
Let o = 15 + -11. Let m(g) = -g + 1. Let d be m(-1). Suppose -o*i + 0*j = j - 183, -2*i + d*j + 84 = 0. What is the remainder when i is divided by 23?
22
Let q = 42 - 20. What is the remainder when 517/q - (-3)/(-2) is divided by 6?
4
Calculate the remainder when 203 is divided by -1 + (3 + -7)*1 + 18.
8
Suppose 0 = -13*j - 151 + 1386. Suppose 20 = 2*r + 6. Suppose 0 = -3*k + r + j. What is the remainder when k is divided by 18?
16
Suppose -480 = -5*f - 0*f. Suppose 3*o - 450 = 3*b - f, -2*b = -2. Calculate the remainder when o is divided by 15.
14
Let l = -573 + 601. What is the remainder when 35 is divided by l?
7
Let d(v) = 39*v**2 - 19*v - 102. Calculate the remainder when d(-4) is divided by 12.
10
Let g(j) = 39*j**2 - j - 3. Let x(p) = 78*p**2 - p - 7. Let z(k) = 5*g(k) - 2*x(k). What is the remainder when z(-1) is divided by 7?
6
Suppose -4*v + 502 - 30 = 0. What is the remainder when 464 is divided by v?
110
Let t(z) = -9*z - 9 - 11*z - 1. Let x be t(-4). Suppose x = 2*r + 24. Calculate the remainder when 66 is divided by r.
20
Let r = 25 - -15. Suppose 5 = -a, -5*w - a = -0*w - r. What is the remainder when w is divided by 6?
3
Let z = -35 - -47. Let l = 4 + 19. What is the remainder when l is divided by z?
11
Suppose -g + 3*g - 42 = 0. Suppose 8*t = -4*t - 192. What is the remainder when (t + 17)/(1/82*2) is divided by g?
20
Suppose 3*y - 4*b + 6*b = -25, 3*b = 4*y + 5. Let t = y + 25. What is the remainder when 57 is divided by t?
17
What is the remainder when (-472)/(-6) - (-1)/3 is divided by -1 + ((-11)/11)/((-3)/63)?
19
Let f(k) = k - 6. Let o be f(2). Let y(s) = -s. Let z(a) = -5*a + 27. Let r(d) = o*y(d) + z(d). Calculate the remainder when r(0) is divided by 15.
12
Let g = 22 - 8. Let u(d) = d**2 + 7*d + 46. Calculate the remainder when u(-6) is divided by g.
12
Let g(i) = 1. Let x(b) = 8*b - 8. Let l(p) = 6*g(p) + x(p). What is the remainder when -2*39*1/(-2) is divided by l(2)?
11
Let i(o) = o**3 + 27*o**2 - 126*o - 42. What is the remainder when 838 is divided by i(-31)?
18
Let w be (-2)/9 + (-215)/45. Let q(h) = -4*h - 6. What is the remainder when (4/3 - 1) + 1240/24 is divided by q(w)?
10
Let r(q) = 119*q + 866. Suppose 4*d - 111 = 2*d + 5*n, -3 = -n. What is the remainder when d is divided by r(-7)?
30
Suppose -v + h = 3*h - 2, -1 = 2*v + 5*h. Suppose -13 - 21 = -c. Calculate the remainder when c is divided by v.
10
Let n(b) = 2*b**2 - 24*b - 64. Let o be (-2 - -2)/(2 - 0). Suppose -2*a + 4*d + 271 - 81 = o, 0 = -d + 4. What is the remainder when a is divided by n(15)?
25
Suppose 4*p - 356 = -132. Calculate the remainder when 120 is divided by p.
8
Let k(t) = t**3 - 8*t**2 + 16*t + 7. What is the remainder when 47 is divided by k(6)?
16
Let a(n) = -n - 1. Let y(b) = -2*b. Let k(j) = 2*a(j) - 3*y(j). Calculate the remainder when 27 is divided by k(3).
7
Let c = -21 - -59. Calculate the remainder when c is divided by (32/(-4))/(-8) - (-8 - 3).
2
Suppose 273*v + 310 = 283*v. Let l = -1 + 12. What is the remainder when v is divided by l?
9
Let g(r) = -13*r - 2. Suppose 1210 + 1298 - 76 = 76*x. What is the remainder when g(-5) is divided by x?
31
Suppose -3*y - 2*y = -20. Let n(g) = g**2 - 5*g + 5. Let k be n(y). Let h = 26 - k. Calculate the remainder when 74 is divided by h.
24
Suppose 4*o + j - 30 - 2 = 0, 0 = 4*o + 4*j - 20. Let n = -8 + o. Calculate the remainder when n - ((-41 - -3) + 2) is divided by 10.
7
Calculate the remainder when 130 is divided by 689/212 - (-2)/(-8).
1
Let o(k) = -2*k**3 - 2*k**2 - k - 2. Suppose 0 = v + x - 9, -4*v - 3*x + 21 = -2*v. What is the remainder when o(-3) is divided by (v/30)/(1/65)?
11
Let h = 164 - 49. Calculate the remainder when h is divided by 39.
37
Suppose 182*d - 188*d = -312. Calculate the remainder when d is divided by 35.
17
Suppose 2*w - 5*b - 497 - 121 = 0, 4*b = -2*w + 582. Calculate the remainder when w is divided by 10.
9
Let u(l) = 3*l + 116. What is the remainder when u(-8) is divided by 30?
2
Let o = -76 - -175. Suppose 0 = 5*v + 5*i - 190, 0*v + i + 42 = v. Let z = o - v. Calculate the remainder when z is divided by 15.
14
L